[INFO] fetching crate nobs-vkpipes-macro 0.1.0...
[INFO] checking nobs-vkpipes-macro-0.1.0 against master#cfbc6d4cf1acbac5c025acf8ed68929caa551df3 for pr-75494-beta
[INFO] extracting crate nobs-vkpipes-macro 0.1.0 into /workspace/builds/worker-8/source
[INFO] validating manifest of crates.io crate nobs-vkpipes-macro 0.1.0 on toolchain cfbc6d4cf1acbac5c025acf8ed68929caa551df3
[INFO] running `Command { std: "/workspace/cargo-home/bin/cargo" "+cfbc6d4cf1acbac5c025acf8ed68929caa551df3" "read-manifest" "--manifest-path" "Cargo.toml", kill_on_drop: false }`
[INFO] started tweaking crates.io crate nobs-vkpipes-macro 0.1.0
[INFO] finished tweaking crates.io crate nobs-vkpipes-macro 0.1.0
[INFO] tweaked toml for crates.io crate nobs-vkpipes-macro 0.1.0 written to /workspace/builds/worker-8/source/Cargo.toml
[INFO] running `Command { std: "/workspace/cargo-home/bin/cargo" "+cfbc6d4cf1acbac5c025acf8ed68929caa551df3" "generate-lockfile" "--manifest-path" "Cargo.toml" "-Zno-index-update", kill_on_drop: false }`
[INFO] running `Command { std: "/workspace/cargo-home/bin/cargo" "+cfbc6d4cf1acbac5c025acf8ed68929caa551df3" "fetch" "--locked" "--manifest-path" "Cargo.toml", kill_on_drop: false }`
[INFO] [stderr]     Blocking waiting for file lock on package cache
[INFO] running `Command { std: "docker" "create" "-v" "/var/lib/crater-agent-workspace/builds/worker-8/target:/opt/rustwide/target:rw,Z" "-v" "/var/lib/crater-agent-workspace/builds/worker-8/source:/opt/rustwide/workdir:ro,Z" "-v" "/var/lib/crater-agent-workspace/cargo-home:/opt/rustwide/cargo-home:ro,Z" "-v" "/var/lib/crater-agent-workspace/rustup-home:/opt/rustwide/rustup-home:ro,Z" "-e" "SOURCE_DIR=/opt/rustwide/workdir" "-e" "CARGO_TARGET_DIR=/opt/rustwide/target" "-e" "CARGO_HOME=/opt/rustwide/cargo-home" "-e" "RUSTUP_HOME=/opt/rustwide/rustup-home" "-w" "/opt/rustwide/workdir" "-m" "1610612736" "--user" "0:0" "--network" "none" "rustops/crates-build-env@sha256:a636fd89d022f18117e1dc8fb37a0a009933cdbbe082814857f0e2024962d47c" "/opt/rustwide/cargo-home/bin/cargo" "+cfbc6d4cf1acbac5c025acf8ed68929caa551df3" "metadata" "--no-deps" "--format-version=1", kill_on_drop: false }`
[INFO] [stdout] 37b166bd7f076ff72a8c1a1356f790fb160d8f92a2a491dbc569fe1150b8a591
[INFO] [stderr] WARNING: Your kernel does not support swap limit capabilities or the cgroup is not mounted. Memory limited without swap.
[INFO] running `Command { std: "docker" "start" "-a" "37b166bd7f076ff72a8c1a1356f790fb160d8f92a2a491dbc569fe1150b8a591", kill_on_drop: false }`
[INFO] running `Command { std: "docker" "inspect" "37b166bd7f076ff72a8c1a1356f790fb160d8f92a2a491dbc569fe1150b8a591", kill_on_drop: false }`
[INFO] running `Command { std: "docker" "rm" "-f" "37b166bd7f076ff72a8c1a1356f790fb160d8f92a2a491dbc569fe1150b8a591", kill_on_drop: false }`
[INFO] [stdout] 37b166bd7f076ff72a8c1a1356f790fb160d8f92a2a491dbc569fe1150b8a591
[INFO] running `Command { std: "docker" "create" "-v" "/var/lib/crater-agent-workspace/builds/worker-8/target:/opt/rustwide/target:rw,Z" "-v" "/var/lib/crater-agent-workspace/builds/worker-8/source:/opt/rustwide/workdir:ro,Z" "-v" "/var/lib/crater-agent-workspace/cargo-home:/opt/rustwide/cargo-home:ro,Z" "-v" "/var/lib/crater-agent-workspace/rustup-home:/opt/rustwide/rustup-home:ro,Z" "-e" "SOURCE_DIR=/opt/rustwide/workdir" "-e" "CARGO_TARGET_DIR=/opt/rustwide/target" "-e" "CARGO_INCREMENTAL=0" "-e" "RUST_BACKTRACE=full" "-e" "RUSTFLAGS=--cap-lints=forbid" "-e" "CARGO_HOME=/opt/rustwide/cargo-home" "-e" "RUSTUP_HOME=/opt/rustwide/rustup-home" "-w" "/opt/rustwide/workdir" "-m" "1610612736" "--user" "0:0" "--network" "none" "rustops/crates-build-env@sha256:a636fd89d022f18117e1dc8fb37a0a009933cdbbe082814857f0e2024962d47c" "/opt/rustwide/cargo-home/bin/cargo" "+cfbc6d4cf1acbac5c025acf8ed68929caa551df3" "check" "--frozen" "--all" "--all-targets" "--message-format=json", kill_on_drop: false }`
[INFO] [stdout] b4c86f22a48bb368e935ef72fd148892826cdacddbcc8f871a12f3109b4dceb1
[INFO] [stderr] WARNING: Your kernel does not support swap limit capabilities or the cgroup is not mounted. Memory limited without swap.
[INFO] running `Command { std: "docker" "start" "-a" "b4c86f22a48bb368e935ef72fd148892826cdacddbcc8f871a12f3109b4dceb1", kill_on_drop: false }`
[INFO] [stderr]    Compiling cmake v0.1.44
[INFO] [stderr]     Checking shared_library v0.1.9
[INFO] [stderr]     Checking nobs-vk v0.2.0
[INFO] [stderr]    Compiling shaderc v0.3.16
[INFO] [stderr] error: failed to run custom build command for `shaderc v0.3.16`
[INFO] [stderr] 
[INFO] [stderr] Caused by:
[INFO] [stderr]   process didn't exit successfully: `/opt/rustwide/target/debug/build/shaderc-7cda83ada7455bce/build-script-build` (exit code: 101)
[INFO] [stderr]   --- stdout
[INFO] [stderr]   running: "cmake" "/opt/rustwide/cargo-home/registry/src/github.com-1ecc6299db9ec823/shaderc-0.3.16/build" "-G" "Ninja" "-DCMAKE_POSITION_INDEPENDENT_CODE=ON" "-DSPIRV_SKIP_EXECUTABLES=ON" "-DSPIRV_WERROR=OFF" "-DSHADERC_SKIP_TESTS=ON" "-DCMAKE_INSTALL_LIBDIR=lib" "-DCMAKE_INSTALL_PREFIX=/opt/rustwide/target/debug/build/shaderc-8d23ba2b551800b4/out" "-DCMAKE_C_FLAGS= -ffunction-sections -fdata-sections -fPIC -m64" "-DCMAKE_C_COMPILER=/usr/bin/cc" "-DCMAKE_CXX_FLAGS= -ffunction-sections -fdata-sections -fPIC -m64" "-DCMAKE_CXX_COMPILER=/usr/bin/c++" "-DCMAKE_ASM_FLAGS= -ffunction-sections -fdata-sections -fPIC -m64" "-DCMAKE_ASM_COMPILER=/usr/bin/cc" "-DCMAKE_BUILD_TYPE=Release"
[INFO] [stderr]   -- The C compiler identification is GNU 9.3.0
[INFO] [stderr]   -- The CXX compiler identification is GNU 9.3.0
[INFO] [stderr]   -- Check for working C compiler: /usr/bin/cc
[INFO] [stderr]   -- Check for working C compiler: /usr/bin/cc -- works
[INFO] [stderr]   -- Detecting C compiler ABI info
[INFO] [stderr]   -- Detecting C compiler ABI info - done
[INFO] [stderr]   -- Detecting C compile features
[INFO] [stderr]   -- Detecting C compile features - done
[INFO] [stderr]   -- Check for working CXX compiler: /usr/bin/c++
[INFO] [stderr]   -- Check for working CXX compiler: /usr/bin/c++ -- works
[INFO] [stderr]   -- Detecting CXX compiler ABI info
[INFO] [stderr]   -- Detecting CXX compiler ABI info - done
[INFO] [stderr]   -- Detecting CXX compile features
[INFO] [stderr]   -- Detecting CXX compile features - done
[INFO] [stderr]   -- Building SPIRV-Header examples
[INFO] [stderr]   -- SPIRV-Tools: nosetests was not found - python support code will not be tested
[INFO] [stderr]   -- Found PythonInterp: /usr/bin/python (found version "2.7.18") 
[INFO] [stderr]   -- Google Mock was not found - tests based on that will not build
[INFO] [stderr]   -- optimizer enabled
[INFO] [stderr]   -- Looking for pthread.h
[INFO] [stderr]   -- Looking for pthread.h - found
[INFO] [stderr]   -- Performing Test CMAKE_HAVE_LIBC_PTHREAD
[INFO] [stderr]   -- Performing Test CMAKE_HAVE_LIBC_PTHREAD - Failed
[INFO] [stderr]   -- Check if compiler accepts -pthread
[INFO] [stderr]   -- Check if compiler accepts -pthread - yes
[INFO] [stderr]   -- Found Threads: TRUE  
[INFO] [stderr]   -- Shaderc: build type is "Release".
[INFO] [stderr]   -- Configuring Shaderc to avoid building tests.
[INFO] [stderr]   -- nosetests was not found - python code will not be tested
[INFO] [stderr]   -- asciidoctor was not found - no documentation will be generated
[INFO] [stderr]   -- Configuring done
[INFO] [stderr]   -- Generating done
[INFO] [stderr]   -- Build files have been written to: /opt/rustwide/target/debug/build/shaderc-8d23ba2b551800b4/out/build
[INFO] [stderr]   running: "cmake" "--build" "." "--target" "install" "--config" "Release" "--" "-j14"
[INFO] [stderr]   [1/350] Building CXX object spirv-headers/example/CMakeFiles/SPIRV-Headers-example.dir/example.cpp.o
[INFO] [stderr]   [2/350] cd /opt/rustwide/target/debug/build/shaderc-8d23ba2b551800b4/out/build/spirv-tools && /usr/bin/cmake -DCHANGES_FILE=/opt/rustwide/cargo-home/registry/src/github.com-1ecc6299db9ec823/shaderc-0.3.16/build/spirv-tools/CHANGES -DTEMPLATE_FILE=/opt/rustwide/cargo-home/registry/src/github.com-1ecc6299db9ec823/shaderc-0.3.16/build/spirv-tools/cmake/SPIRV-Tools-shared.pc.in -DOUT_FILE=/opt/rustwide/target/debug/build/shaderc-8d23ba2b551800b4/out/build/spirv-tools/SPIRV-Tools-shared.pc -DCMAKE_INSTALL_PREFIX=/opt/rustwide/target/debug/build/shaderc-8d23ba2b551800b4/out -DCMAKE_INSTALL_LIBDIR=lib -DCMAKE_INSTALL_INCLUDEDIR=include -DSPIRV_SHARED_LIBRARIES=-lSPIRV-Tools-shared -P /opt/rustwide/cargo-home/registry/src/github.com-1ecc6299db9ec823/shaderc-0.3.16/build/spirv-tools/cmake/write_pkg_config.cmake
[INFO] [stderr]   [3/350] Building CXX object spirv-headers/example/CMakeFiles/SPIRV-Headers-example-1.1.dir/example-1.1.cpp.o
[INFO] [stderr]   [4/350] cd /opt/rustwide/target/debug/build/shaderc-8d23ba2b551800b4/out/build/spirv-tools && /usr/bin/cmake -DCHANGES_FILE=/opt/rustwide/cargo-home/registry/src/github.com-1ecc6299db9ec823/shaderc-0.3.16/build/spirv-tools/CHANGES -DTEMPLATE_FILE=/opt/rustwide/cargo-home/registry/src/github.com-1ecc6299db9ec823/shaderc-0.3.16/build/spirv-tools/cmake/SPIRV-Tools.pc.in -DOUT_FILE=/opt/rustwide/target/debug/build/shaderc-8d23ba2b551800b4/out/build/spirv-tools/SPIRV-Tools.pc -DCMAKE_INSTALL_PREFIX=/opt/rustwide/target/debug/build/shaderc-8d23ba2b551800b4/out -DCMAKE_INSTALL_LIBDIR=lib -DCMAKE_INSTALL_INCLUDEDIR=include -DSPIRV_LIBRARIES=-lSPIRV-Tools\ -lSPIRV-Tools-link\ -lSPIRV-Tools-opt -P /opt/rustwide/cargo-home/registry/src/github.com-1ecc6299db9ec823/shaderc-0.3.16/build/spirv-tools/cmake/write_pkg_config.cmake
[INFO] [stderr]   [5/350] Generate extended instruction tables for spv-amd-gcn-shader.
[INFO] [stderr]   [6/350] Generate extended instruction tables for spv-amd-shader-trinary-minmax.
[INFO] [stderr]   [7/350] Generate language specific header for DebugInfo.
[INFO] [stderr]   [8/350] Generate extended instruction tables for spv-amd-shader-explicit-vertex-parameter.
[INFO] [stderr]   [9/350] Generate extended instruction tables for spv-amd-shader-ballot.
[INFO] [stderr]   [10/350] Generate extended instruction tables for debuginfo.
[INFO] [stderr]   [11/350] Update build-version.inc in the SPIRV-Tools build directory (if necessary).
[INFO] [stderr]   [12/350] Generate tables based on the SPIR-V XML registry.
[INFO] [stderr]   [13/350] Linking CXX static library spirv-headers/example/libSPIRV-Headers-example.a
[INFO] [stderr]   [14/350] Linking CXX static library spirv-headers/example/libSPIRV-Headers-example-1.1.a
[INFO] [stderr]   [15/350] Check copyright
[INFO] [stderr]   [16/350] Generate enum-string mapping for SPIR-V vunified1.
[INFO] [stderr]   [17/350] Generate info tables for OpenCL extended instructions and operands vunified1.
[INFO] [stderr]   [18/350] Update build-version.inc in the Shaderc build directory (if necessary).
[INFO] [stderr]   [19/350] Generate info tables for GLSL extended instructions and operands vunified1.
[INFO] [stderr]   [20/350] Generate info tables for SPIR-V vunified1 core instructions and operands.
[INFO] [stderr]   [21/350] Building CXX object spirv-tools/source/CMakeFiles/SPIRV-Tools-shared.dir/util/bit_vector.cpp.o
[INFO] [stderr]   [22/350] Building CXX object glslang/glslang/CMakeFiles/glslang.dir/MachineIndependent/InfoSink.cpp.o
[INFO] [stderr]   [23/350] Building CXX object glslang/glslang/CMakeFiles/glslang.dir/MachineIndependent/PoolAlloc.cpp.o
[INFO] [stderr]   [24/350] Building CXX object glslang/glslang/CMakeFiles/glslang.dir/MachineIndependent/RemoveTree.cpp.o
[INFO] [stderr]   [25/350] Building CXX object spirv-tools/source/CMakeFiles/SPIRV-Tools-shared.dir/util/string_utils.cpp.o
[INFO] [stderr]   [26/350] Building CXX object glslang/glslang/CMakeFiles/glslang.dir/MachineIndependent/IntermTraverse.cpp.o
[INFO] [stderr]   [27/350] Building CXX object spirv-tools/source/CMakeFiles/SPIRV-Tools-shared.dir/assembly_grammar.cpp.o
[INFO] [stderr]   [28/350] Building CXX object glslang/glslang/CMakeFiles/glslang.dir/MachineIndependent/Scan.cpp.o
[INFO] [stderr]   FAILED: glslang/glslang/CMakeFiles/glslang.dir/MachineIndependent/Scan.cpp.o 
[INFO] [stderr]   /usr/bin/c++  -DAMD_EXTENSIONS -DENABLE_HLSL -DENABLE_OPT=1 -DGLSLANG_OSINCLUDE_UNIX -DNV_EXTENSIONS -I/opt/rustwide/cargo-home/registry/src/github.com-1ecc6299db9ec823/shaderc-0.3.16/build/glslang/glslang/.. -ffunction-sections -fdata-sections -fPIC -m64 -O3 -DNDEBUG -fPIC   -Wall -Wmaybe-uninitialized -Wuninitialized -Wunused -Wunused-local-typedefs -Wunused-parameter -Wunused-value -Wunused-variable -Wunused-but-set-parameter -Wunused-but-set-variable -fno-exceptions -Wno-reorder -pthread -std=c++11 -MD -MT glslang/glslang/CMakeFiles/glslang.dir/MachineIndependent/Scan.cpp.o -MF glslang/glslang/CMakeFiles/glslang.dir/MachineIndependent/Scan.cpp.o.d -o glslang/glslang/CMakeFiles/glslang.dir/MachineIndependent/Scan.cpp.o -c /opt/rustwide/cargo-home/registry/src/github.com-1ecc6299db9ec823/shaderc-0.3.16/build/glslang/glslang/MachineIndependent/Scan.cpp
[INFO] [stderr]   c++: fatal error: Killed signal terminated program cc1plus
[INFO] [stderr]   compilation terminated.
[INFO] [stderr]   [29/350] Building CXX object glslang/glslang/CMakeFiles/glslang.dir/MachineIndependent/glslang_tab.cpp.o
[INFO] [stderr]   FAILED: glslang/glslang/CMakeFiles/glslang.dir/MachineIndependent/glslang_tab.cpp.o 
[INFO] [stderr]   /usr/bin/c++  -DAMD_EXTENSIONS -DENABLE_HLSL -DENABLE_OPT=1 -DGLSLANG_OSINCLUDE_UNIX -DNV_EXTENSIONS -I/opt/rustwide/cargo-home/registry/src/github.com-1ecc6299db9ec823/shaderc-0.3.16/build/glslang/glslang/.. -ffunction-sections -fdata-sections -fPIC -m64 -O3 -DNDEBUG -fPIC   -Wall -Wmaybe-uninitialized -Wuninitialized -Wunused -Wunused-local-typedefs -Wunused-parameter -Wunused-value -Wunused-variable -Wunused-but-set-parameter -Wunused-but-set-variable -fno-exceptions -Wno-reorder -pthread -std=c++11 -MD -MT glslang/glslang/CMakeFiles/glslang.dir/MachineIndependent/glslang_tab.cpp.o -MF glslang/glslang/CMakeFiles/glslang.dir/MachineIndependent/glslang_tab.cpp.o.d -o glslang/glslang/CMakeFiles/glslang.dir/MachineIndependent/glslang_tab.cpp.o -c /opt/rustwide/cargo-home/registry/src/github.com-1ecc6299db9ec823/shaderc-0.3.16/build/glslang/glslang/MachineIndependent/glslang_tab.cpp
[INFO] [stderr]   c++: fatal error: Killed signal terminated program cc1plus
[INFO] [stderr]   compilation terminated.
[INFO] [stderr]   [30/350] Building CXX object glslang/glslang/CMakeFiles/glslang.dir/MachineIndependent/Intermediate.cpp.o
[INFO] [stderr]   FAILED: glslang/glslang/CMakeFiles/glslang.dir/MachineIndependent/Intermediate.cpp.o 
[INFO] [stderr]   /usr/bin/c++  -DAMD_EXTENSIONS -DENABLE_HLSL -DENABLE_OPT=1 -DGLSLANG_OSINCLUDE_UNIX -DNV_EXTENSIONS -I/opt/rustwide/cargo-home/registry/src/github.com-1ecc6299db9ec823/shaderc-0.3.16/build/glslang/glslang/.. -ffunction-sections -fdata-sections -fPIC -m64 -O3 -DNDEBUG -fPIC   -Wall -Wmaybe-uninitialized -Wuninitialized -Wunused -Wunused-local-typedefs -Wunused-parameter -Wunused-value -Wunused-variable -Wunused-but-set-parameter -Wunused-but-set-variable -fno-exceptions -Wno-reorder -pthread -std=c++11 -MD -MT glslang/glslang/CMakeFiles/glslang.dir/MachineIndependent/Intermediate.cpp.o -MF glslang/glslang/CMakeFiles/glslang.dir/MachineIndependent/Intermediate.cpp.o.d -o glslang/glslang/CMakeFiles/glslang.dir/MachineIndependent/Intermediate.cpp.o -c /opt/rustwide/cargo-home/registry/src/github.com-1ecc6299db9ec823/shaderc-0.3.16/build/glslang/glslang/MachineIndependent/Intermediate.cpp
[INFO] [stderr]   c++: fatal error: Killed signal terminated program cc1plus
[INFO] [stderr]   compilation terminated.
[INFO] [stderr]   [31/350] Building CXX object glslang/glslang/CMakeFiles/glslang.dir/MachineIndependent/attribute.cpp.o
[INFO] [stderr]   [32/350] Building CXX object spirv-tools/source/CMakeFiles/SPIRV-Tools-shared.dir/diagnostic.cpp.o
[INFO] [stderr]   [33/350] Building CXX object spirv-tools/source/CMakeFiles/SPIRV-Tools-shared.dir/enum_string_mapping.cpp.o
[INFO] [stderr]   [34/350] Building CXX object spirv-tools/source/CMakeFiles/SPIRV-Tools-shared.dir/util/parse_number.cpp.o
[INFO] [stderr]   [35/350] Building CXX object spirv-tools/source/CMakeFiles/SPIRV-Tools-shared.dir/disassemble.cpp.o
[INFO] [stderr]   [36/350] Building CXX object spirv-tools/source/CMakeFiles/SPIRV-Tools-shared.dir/binary.cpp.o
[INFO] [stderr]   [37/350] Building CXX object glslang/glslang/CMakeFiles/glslang.dir/MachineIndependent/ParseContextBase.cpp.o
[INFO] [stderr]   [38/350] Building CXX object glslang/glslang/CMakeFiles/glslang.dir/MachineIndependent/iomapper.cpp.o
[INFO] [stderr]   [39/350] Building CXX object glslang/glslang/CMakeFiles/glslang.dir/MachineIndependent/Constant.cpp.o
[INFO] [stderr]   [40/350] Building CXX object glslang/glslang/CMakeFiles/glslang.dir/MachineIndependent/Initialize.cpp.o
[INFO] [stderr]   [41/350] Building CXX object glslang/glslang/CMakeFiles/glslang.dir/MachineIndependent/ParseHelper.cpp.o
[INFO] [stderr]   In file included from /opt/rustwide/cargo-home/registry/src/github.com-1ecc6299db9ec823/shaderc-0.3.16/build/glslang/glslang/MachineIndependent/../Include/intermediate.h:56,
[INFO] [stderr]                    from /opt/rustwide/cargo-home/registry/src/github.com-1ecc6299db9ec823/shaderc-0.3.16/build/glslang/glslang/MachineIndependent/SymbolTable.h:69,
[INFO] [stderr]                    from /opt/rustwide/cargo-home/registry/src/github.com-1ecc6299db9ec823/shaderc-0.3.16/build/glslang/glslang/MachineIndependent/ParseHelper.h:53,
[INFO] [stderr]                    from /opt/rustwide/cargo-home/registry/src/github.com-1ecc6299db9ec823/shaderc-0.3.16/build/glslang/glslang/MachineIndependent/ParseHelper.cpp:39:
[INFO] [stderr]   /opt/rustwide/cargo-home/registry/src/github.com-1ecc6299db9ec823/shaderc-0.3.16/build/glslang/glslang/MachineIndependent/../Include/../Include/Types.h: In member function 'void glslang::TParseContext::addQualifierToExisting(const glslang::TSourceLoc&, glslang::TQualifier, const TString&)':
[INFO] [stderr]   /opt/rustwide/cargo-home/registry/src/github.com-1ecc6299db9ec823/shaderc-0.3.16/build/glslang/glslang/MachineIndependent/../Include/../Include/Types.h:1428:17: warning: 'blockNameType.glslang::TType::sampler' may be used uninitialized in this function [-Wmaybe-uninitialized]
[INFO] [stderr]    1428 |         sampler = copyOf.sampler;
[INFO] [stderr]         |         ~~~~~~~~^~~~~~~~~~~~~~~~
[INFO] [stderr]   /opt/rustwide/cargo-home/registry/src/github.com-1ecc6299db9ec823/shaderc-0.3.16/build/glslang/glslang/MachineIndependent/../Include/../Include/Types.h: In member function 'void glslang::TParseContext::declareBlock(const glslang::TSourceLoc&, glslang::TTypeList&, const TString*, glslang::TArraySizes*)':
[INFO] [stderr]   /opt/rustwide/cargo-home/registry/src/github.com-1ecc6299db9ec823/shaderc-0.3.16/build/glslang/glslang/MachineIndependent/../Include/../Include/Types.h:1428:17: warning: 'blockNameType.glslang::TType::sampler' may be used uninitialized in this function [-Wmaybe-uninitialized]
[INFO] [stderr]    1428 |         sampler = copyOf.sampler;
[INFO] [stderr]         |         ~~~~~~~~^~~~~~~~~~~~~~~~
[INFO] [stderr]   ninja: build stopped: subcommand failed.
[INFO] [stderr] 
[INFO] [stderr]   --- stderr
[INFO] [stderr]   CMake Warning:
[INFO] [stderr]     Manually-specified variables were not used by the project:
[INFO] [stderr] 
[INFO] [stderr]       CMAKE_ASM_COMPILER
[INFO] [stderr]       CMAKE_ASM_FLAGS
[INFO] [stderr] 
[INFO] [stderr] 
[INFO] [stderr]   thread 'main' panicked at '
[INFO] [stderr]   command did not execute successfully, got: exit code: 1
[INFO] [stderr] 
[INFO] [stderr]   build script failed, must exit now', /opt/rustwide/cargo-home/registry/src/github.com-1ecc6299db9ec823/cmake-0.1.44/src/lib.rs:885:5
[INFO] [stderr]   stack backtrace:
[INFO] [stderr]      0:     0x558cdd1a0305 - backtrace::backtrace::libunwind::trace::h5e2646fa3eddf2ea
[INFO] [stderr]                                  at /cargo/registry/src/github.com-1ecc6299db9ec823/backtrace-0.3.46/src/backtrace/libunwind.rs:86
[INFO] [stderr]      1:     0x558cdd1a0305 - backtrace::backtrace::trace_unsynchronized::hb95dd7f77ce47877
[INFO] [stderr]                                  at /cargo/registry/src/github.com-1ecc6299db9ec823/backtrace-0.3.46/src/backtrace/mod.rs:66
[INFO] [stderr]      2:     0x558cdd1a0305 - std::sys_common::backtrace::_print_fmt::h5e71b67af43fd70d
[INFO] [stderr]                                  at src/libstd/sys_common/backtrace.rs:78
[INFO] [stderr]      3:     0x558cdd1a0305 - <std::sys_common::backtrace::_print::DisplayBacktrace as core::fmt::Display>::fmt::hdb4a83d2b61107e5
[INFO] [stderr]                                  at src/libstd/sys_common/backtrace.rs:59
[INFO] [stderr]      4:     0x558cdd1c450c - core::fmt::write::ha20e7262fa3e8a7a
[INFO] [stderr]                                  at src/libcore/fmt/mod.rs:1076
[INFO] [stderr]      5:     0x558cdd19c712 - std::io::Write::write_fmt::h1aebfe8a5a79e36d
[INFO] [stderr]                                  at src/libstd/io/mod.rs:1537
[INFO] [stderr]      6:     0x558cdd1a2e30 - std::sys_common::backtrace::_print::h9c07314cc66ba539
[INFO] [stderr]                                  at src/libstd/sys_common/backtrace.rs:62
[INFO] [stderr]      7:     0x558cdd1a2e30 - std::sys_common::backtrace::print::hd1fd65f49a2d8544
[INFO] [stderr]                                  at src/libstd/sys_common/backtrace.rs:49
[INFO] [stderr]      8:     0x558cdd1a2e30 - std::panicking::default_hook::{{closure}}::h222da46485ab36fc
[INFO] [stderr]                                  at src/libstd/panicking.rs:198
[INFO] [stderr]      9:     0x558cdd1a2b7c - std::panicking::default_hook::hc5868949d129ed00
[INFO] [stderr]                                  at src/libstd/panicking.rs:217
[INFO] [stderr]     10:     0x558cdd1a3473 - std::panicking::rust_panic_with_hook::h26a6ab8b0993c0c8
[INFO] [stderr]                                  at src/libstd/panicking.rs:526
[INFO] [stderr]     11:     0x558cdd1a306b - rust_begin_unwind
[INFO] [stderr]                                  at src/libstd/panicking.rs:437
[INFO] [stderr]     12:     0x558cdd1a2fdb - std::panicking::begin_panic_fmt::h2ff295231415d4a6
[INFO] [stderr]                                  at src/libstd/panicking.rs:391
[INFO] [stderr]     13:     0x558cdd137e07 - cmake::fail::hf0f3f19e1ff44c4b
[INFO] [stderr]                                  at /opt/rustwide/cargo-home/registry/src/github.com-1ecc6299db9ec823/cmake-0.1.44/src/lib.rs:885
[INFO] [stderr]     14:     0x558cdd13774e - cmake::run::hbfa9e03c3139de5a
[INFO] [stderr]                                  at /opt/rustwide/cargo-home/registry/src/github.com-1ecc6299db9ec823/cmake-0.1.44/src/lib.rs:863
[INFO] [stderr]     15:     0x558cdd133e70 - cmake::Config::build::h91a3fd6d1f201449
[INFO] [stderr]                                  at /opt/rustwide/cargo-home/registry/src/github.com-1ecc6299db9ec823/cmake-0.1.44/src/lib.rs:769
[INFO] [stderr]     16:     0x558cdd12939b - build_script_build::build_shaderc::hd59804a90408cad6
[INFO] [stderr]                                  at /opt/rustwide/cargo-home/registry/src/github.com-1ecc6299db9ec823/shaderc-0.3.16/build/build.rs:33
[INFO] [stderr]     17:     0x558cdd129bad - build_script_build::main::h230634352ef6bd05
[INFO] [stderr]                                  at /opt/rustwide/cargo-home/registry/src/github.com-1ecc6299db9ec823/shaderc-0.3.16/build/build.rs:84
[INFO] [stderr]     18:     0x558cdd12ef9b - std::rt::lang_start::{{closure}}::h70f100bc014ccbcf
[INFO] [stderr]                                  at /rustc/cfbc6d4cf1acbac5c025acf8ed68929caa551df3/src/libstd/rt.rs:67
[INFO] [stderr]     19:     0x558cdd1a3843 - std::rt::lang_start_internal::{{closure}}::h84a998219831fa70
[INFO] [stderr]                                  at src/libstd/rt.rs:52
[INFO] [stderr]     20:     0x558cdd1a3843 - std::panicking::try::do_call::he8e1d689a3e26def
[INFO] [stderr]                                  at src/libstd/panicking.rs:348
[INFO] [stderr]     21:     0x558cdd1a3843 - std::panicking::try::h264b6eebc2fa7bbf
[INFO] [stderr]                                  at src/libstd/panicking.rs:325
[INFO] [stderr]     22:     0x558cdd1a3843 - std::panic::catch_unwind::hbf28fafa723b2128
[INFO] [stderr]                                  at src/libstd/panic.rs:394
[INFO] [stderr]     23:     0x558cdd1a3843 - std::rt::lang_start_internal::he959aa59bc3ec202
[INFO] [stderr]                                  at src/libstd/rt.rs:51
[INFO] [stderr]     24:     0x558cdd12ef77 - std::rt::lang_start::h9afdd21138922a4e
[INFO] [stderr]                                  at /rustc/cfbc6d4cf1acbac5c025acf8ed68929caa551df3/src/libstd/rt.rs:67
[INFO] [stderr]     25:     0x558cdd12a04a - main
[INFO] [stderr]     26:     0x7f2e335e30b3 - __libc_start_main
[INFO] [stderr]     27:     0x558cdd12619e - _start
[INFO] [stderr]     28:                0x0 - <unknown>
[INFO] running `Command { std: "docker" "inspect" "b4c86f22a48bb368e935ef72fd148892826cdacddbcc8f871a12f3109b4dceb1", kill_on_drop: false }`
[INFO] running `Command { std: "docker" "rm" "-f" "b4c86f22a48bb368e935ef72fd148892826cdacddbcc8f871a12f3109b4dceb1", kill_on_drop: false }`
[INFO] [stdout] b4c86f22a48bb368e935ef72fd148892826cdacddbcc8f871a12f3109b4dceb1
